on factor of 930 and 750.
30
What is the greatest common divisor of 1024 and 79168?
64
What is the highest common factor of 270688 and 176?
176
Calculate the greatest common factor of 8 and 2756.
4
What is the highest common divisor of 2610 and 11160?
90
What is the greatest common divisor of 14357 and 217?
7
Calculate the greatest common divisor of 87 and 440423.
29
Calculate the greatest common factor of 167 and 4004827.
167
What is the greatest common factor of 133 and 1121?
19
What is the greatest common divisor of 36544 and 96?
32
What is the highest common factor of 114 and 56715?
57
What is the greatest common factor of 598 and 52578?
46
Calculate the greatest common divisor of 408 and 149583.
51
Calculate the greatest common factor of 16685 and 25.
5
Calculate the highest common divisor of 100311 and 783.
87
What is the greatest common divisor of 4606 and 566867?
329
Calculate the greatest common divisor of 714 and 192678.
102
Calculate the greatest common factor of 6513 and 8517.
501
Calculate the highest common factor of 77286 and 132.
66
What is the greatest common divisor of 248499 and 45?
9
What is the greatest common divisor of 72 and 512964?
36
Calculate the highest common divisor of 33680 and 50000.
80
Calculate the greatest common divisor of 6560 and 11088.
16
Calculate the greatest common factor of 11948 and 1276.
116
Calculate the greatest common factor of 227768 and 16.
8
What is the highest common factor of 285810 and 160?
10
Calculate the highest common divisor of 134928 and 288.
144
What is the greatest common factor of 3211 and 9971?
169
Calculate the greatest common factor of 403 and 3133.
13
Calculate the greatest common factor of 7119 and 427.
7
What is the greatest common factor of 116 and 636144?
116
What is the highest common divisor of 145208 and 28?
28
Calculate the highest common factor of 419826 and 1452.
66
Calculate the highest common factor of 128791 and 728.
13
What is the highest common divisor of 80450 and 75?
25
What is the greatest common factor of 26 and 231016?
2
What is the highest common divisor of 540 and 564?
12
What is the greatest common factor of 645 and 25671?
129
What is the highest common divisor of 325941 and 10472?
1309
What is the greatest common factor of 6 and 605586?
6
Calculate the greatest common divisor of 15 and 8508.
3
What is the highest common divisor of 6712 and 240?
8
What is the highest common divisor of 75484 and 2672?
668
What is the greatest common factor of 8127 and 167227?
43
Calculate the greatest common factor of 10183 and 68.
17
What is the highest common factor of 18642 and 13862?
478
What is the highest common divisor of 3696 and 3619?
77
Calculate the greatest common factor of 82752 and 192.
192
Calculate the highest common factor of 20573 and 14.
7
What is the greatest common divisor of 9440 and 7965?
295
What is the greatest common factor of 57474 and 6?
6
What is the greatest common divisor of 41 and 25871?
41
Calculate the greatest common divisor of 456 and 24672.
24
What is the greatest common factor of 133 and 14155?
19
Calculate the greatest common divisor of 43205 and 7.
1
What is the highest common divisor of 24538 and 18?
2
Calculate the greatest common divisor of 7100 and 575.
25
Calculate the highest common factor of 39639 and 6789.
219
Calculate the highest common factor of 31076 and 580.
4
Calculate the highest common divisor of 30 and 6077.
1
Calculate the highest common divisor of 36 and 1158876.
36
What is the greatest common divisor of 111 and 397491?
111
What is the highest common factor of 60673 and 86?
43
What is the greatest common divisor of 12 and 136788?
12
What is the greatest common factor of 310 and 363134?
62
What is the highest common divisor of 14096 and 176?
16
What is the greatest common factor of 86431 and 1292?
19
Calculate the greatest common divisor of 6574 and 52.
2
What is the greatest common factor of 153 and 149787?
153
Calculate the greatest common factor of 87650 and 250.
50
What is the highest common divisor of 37216 and 1200?
16
Calculate the highest common factor of 20 and 304100.
20
Calculate the greatest common divisor of 7632 and 1136.
16
What is the greatest common divisor of 1686 and 54?
6
What is the greatest common divisor of 170 and 85068?
34
What is the greatest common factor of 1845 and 22509?
369
What is the greatest common factor of 918 and 5130?
54
What is the greatest common factor of 110 and 23045?
55
Calculate the greatest common divisor of 9248 and 663.
17
What is the greatest common factor of 628 and 20253?
157
What is the highest common factor of 687915 and 810?
45
What is the greatest common factor of 410142 and 408?
102
Calculate the greatest common divisor of 19113 and 2438.
23
Calculate the highest common factor of 782 and 333914.
782
Calculate the highest common factor of 1968 and 42.
6
What is the greatest common divisor of 3813 and 8733?
123
What is the highest common divisor of 702513 and 588?
147
What is the highest common divisor of 10080 and 930?
30
Calculate the greatest common divisor of 292608 and 1270.
254
Calculate the greatest common divisor of 948 and 957006.
474
Calculate the highest common divisor of 320 and 740800.
320
What is the greatest common factor of 2226 and 99958?
106
Calculate the highest common factor of 186 and 583358.
62
What is the greatest common divisor of 4221 and 16549?
67
What is the highest common factor of 987 and 29187?
141
Calculate the greatest common factor of 4200 and 5852.
28
What is the greatest common divisor of 76 and 3556211?
19
Calculate the highest common divisor of 7567 and 6601.
161
What is the greatest common divisor of 48 and 32478?
6
What is the highest common divisor of 14488521 and 474?
237
What is the highest common divisor of 74415 and 19360?
605
What is the greatest common divisor of 3164 and 100660?
28
Calculate the highest common divisor of 16016 and 784.
112
Calculate the greatest common divisor of 508 and 1589024.
508
Calculate the highest common divisor of 47038 and 406.
58
Calculate the greatest common divisor of 145452 and 558.
186
What is the greatest common divisor of 7602 and 7392?
42
Calculate the greatest common factor of 992 and 1612.
124
Calculate the highest common factor of 243 and 29709.
9
Calculate the greatest common divisor of 7531 and 5.
1
What is the highest common divisor of 864599 and 628?
157
Calculate the highest common factor of 144018 and 238.
14
Calculate the greatest common factor of 14105 and 52.
13
What is the greatest common factor of 4809 and 10584?
21
Calculate the greatest common factor of 96 and 799168.
32
Calculate the greatest common factor of 23023 and 322.
161
What is the highest common divisor of 3375 and 2646?
27
What is the highest common divisor of 704 and 16448?
64
What is the greatest common factor of 16 and 92932?
4
What is the greatest common divisor of 936 and 927?
9
Calculate the greatest common factor of 1695 and 8805.
15
Calculate the greatest common factor of 1057 and 1134.
7
Calculate the highest common factor of 170 and 2157130.
170
What is the greatest common factor of 2414 and 36068?
142
What is the greatest common divisor of 60 and 1676?
4
Calculate the highest common factor of 40217 and 3.
1
Calculate the highest common factor of 437670 and 70.
10
What is the greatest common factor of 4629574 and 166?
166
What is the greatest common divisor of 1647 and 1327665?
183
Calculate the highest common divisor of 213 and 142.
71
What is the highest common factor of 123858 and 322?
14
Calculate the greatest common divisor of 1434 and 1048732.
478
What is the greatest common factor of 7632 and 142040?
424
Calculate the highest common divisor of 70 and 148834.
14
Calculate the greatest common divisor of 244244 and 28.
28
What is the highest common divisor of 1147745 and 10?
5
What is the greatest common divisor of 1926705 and 30?
15
What is the highest common divisor of 111 and 79439?
37
What is the greatest common factor of 400 and 282240?
80
What is the highest common divisor of 766 and 45577?
383
Calculate the highest common factor of 35776 and 448.
64
Calculate the highest common factor of 203258 and 1034.
22
Calculate the highest common factor of 6517730 and 354.
118
Calculate the 